644939?
3
What is the units digit of 1026792?
2
What is the ten thousands digit of 1105895?
0
What is the units digit of 16143452?
2
What is the hundreds digit of 20656779?
7
What is the hundreds digit of 15583873?
8
What is the ten thousands digit of 364011?
6
What is the units digit of 9811825?
5
What is the units digit of 200407?
7
What is the hundreds digit of 506496?
4
What is the hundreds digit of 408281?
2
What is the millions digit of 1046697?
1
What is the hundreds digit of 3007671?
6
What is the tens digit of 1651507?
0
What is the thousands digit of 169386?
9
What is the tens digit of 319544?
4
What is the tens digit of 1034711?
1
What is the ten thousands digit of 705180?
0
What is the millions digit of 8270235?
8
What is the hundred thousands digit of 3659003?
6
What is the hundred thousands digit of 1821525?
8
What is the hundreds digit of 13520976?
9
What is the thousands digit of 1916224?
6
What is the hundred thousands digit of 26837428?
8
What is the hundred thousands digit of 9999878?
9
What is the millions digit of 2207140?
2
What is the tens digit of 12157808?
0
What is the millions digit of 1865668?
1
What is the units digit of 60407?
7
What is the tens digit of 274502?
0
What is the ten thousands digit of 15868115?
6
What is the units digit of 3660336?
6
What is the hundreds digit of 8830375?
3
What is the units digit of 130577?
7
What is the thousands digit of 675104?
5
What is the tens digit of 219332?
3
What is the hundred thousands digit of 137844?
1
What is the hundred thousands digit of 12551629?
5
What is the thousands digit of 421969?
1
What is the ten thousands digit of 9858832?
5
What is the tens digit of 79186?
8
What is the millions digit of 3752087?
3
What is the tens digit of 213?
1
What is the hundred thousands digit of 3168905?
1
What is the thousands digit of 6758878?
8
What is the hundreds digit of 632288?
2
What is the millions digit of 3296537?
3
What is the millions digit of 1117152?
1
What is the tens digit of 260910?
1
What is the hundreds digit of 2495534?
5
What is the ten thousands digit of 832439?
3
What is the hundreds digit of 6463532?
5
What is the millions digit of 3145431?
3
What is the ten thousands digit of 509077?
0
What is the ten thousands digit of 1192446?
9
What is the hundred thousands digit of 323159?
3
What is the tens digit of 15187529?
2
What is the thousands digit of 5626764?
6
What is the hundreds digit of 2103472?
4
What is the hundreds digit of 18729149?
1
What is the ten thousands digit of 962003?
6
What is the hundreds digit of 3477234?
2
What is the units digit of 24236106?
6
What is the hundred thousands digit of 2983845?
9
What is the tens digit of 88882?
8
What is the tens digit of 1320196?
9
What is the millions digit of 27443504?
7
What is the hundred thousands digit of 3246445?
2
What is the hundreds digit of 10240725?
7
What is the millions digit of 36963562?
6
What is the millions digit of 4775061?
4
What is the tens digit of 96076?
7
What is the thousands digit of 1498639?
8
What is the ten thousands digit of 1862185?
6
What is the units digit of 152660?
0
What is the tens digit of 35145085?
8
What is the tens digit of 9037243?
4
What is the units digit of 146752?
2
What is the ten thousands digit of 7904916?
0
What is the thousands digit of 195499?
5
What is the hundred thousands digit of 232899?
2
What is the hundred thousands digit of 27210506?
2
What is the ten thousands digit of 426416?
2
What is the tens digit of 5276475?
7
What is the tens digit of 16901556?
5
What is the hundreds digit of 624359?
3
What is the thousands digit of 5390237?
0
What is the hundreds digit of 550455?
4
What is the hundred thousands digit of 162227?
1
What is the hundreds digit of 19941344?
3
What is the tens digit of 1183850?
5
What is the tens digit of 1049686?
8
What is the units digit of 39915137?
7
What is the tens digit of 232877?
7
What is the tens digit of 95510?
1
What is the hundred thousands digit of 3635194?
6
What is the tens digit of 478308?
0
What is the ten thousands digit of 135111?
3
What is the thousands digit of 91019?
1
What is the tens digit of 199082?
8
What is the thousands digit of 10210402?
0
What is the hundreds digit of 358449?
4
What is the units digit of 219011?
1
What is the thousands digit of 313206?
3
What is the thousands digit of 1673862?
3
What is the units digit of 1026461?
1
What is the hundreds digit of 17171942?
9
What is the units digit of 1167714?
4
What is the thousands digit of 10293028?
3
What is the units digit of 66906?
6
What is the units digit of 153946?
6
What is the tens digit of 141277?
7
What is the millions digit of 11824537?
1
What is the hundred thousands digit of 471997?
4
What is the hundreds digit of 13272316?
3
What is the hundred thousands digit of 15545862?
5
What is the units digit of 502519?
9
What is the hundred thousands digit of 125674?
1
What is the hundred thousands digit of 10310755?
3
What is the hundreds digit of 311406?
4
What is the ten thousands digit of 1563753?
6
What is the ten thousands digit of 11279585?
7
What is the hundred thousands digit of 4908451?
9
What is the thousands digit of 63212?
3
What is the millions digit of 8351059?
8
What is the hundreds digit of 35899?
8
What is the thousands digit of 573096?
3
What is the ten thousands digit of 496185?
9
What is the units digit of 427893?
3
What is the thousands digit of 51668?
1
What is the units digit of 2982452?
2
What is the hundreds digit of 185499?
4
What is the ten thousands digit of 141707?
4
What is the thousands digit of 450594?
0
What is the thousands digit of 454108?
4
What is the hundreds digit of 710365?
3
What is the hundred thousands digit of 2576008?
5
What is the units digit of 129800?
0
What is the units digit of 903947?
7
What is the hundreds digit of 8883645?
6
What is the tens digit of 865015?
1
What is the units digit of 79392?
2
What is the thousands digit of 884063?
4
What is the tens digit of 31676715?
1
What is the thousands digit of 18681148?
1
What is the ten thousands digit of 71519?
7
What is the tens digit of 2481105?
0
What is the ten thousands digit of 21885?
2
What is the ten thousands digit of 24732055?
3
What is the hundred thousands digit of 1768905?
7
What is the units digit of 3800628?
8
What is the ten thousands digit of 14804821?
0
What is the hundred thousands digit of 3609576?
6
What is the hundred thousands digit of 792903?
7
What is the units digit of 8171280?
0
What is the tens digit of 898222?
2
What is the units digit of 2610999?
9
What is the units digit of 420248?
8
What is the ten thousands digit of 369744?
6
What is the tens digit of 176879?
7
What is the units digit of 103786?
6
What is the ten thousands digit of 1175557?
7
What is the hundreds digit of 6690?
6
What is the millions digit of 3771344?
3
What is the hundreds digit of 6761940?
9
What is the hundred thousands digit of 694720?
6
What is the hundreds digit of 14548?
5
What is the thousands digit of 591411?
1
What is the hundreds digit of 7281417?
4
What is the ten thousands digit of 16896316?
9
What is the hundred thousands digit of 169137?
1
What is the thousands digit of 6033722?
3
What is the hundred thousands digit of 133170?
1
What is the ten thousands digit of 215625?
1
What is the hundreds digit of 78699?
6
What is the units digit of 7730146?
6
What is the tens digit of 61712?
1
What is the thousands digit of 219818?
9
What is the hundreds digit of 1017730?
7
What is the tens digit of 1468140?
4
What is the ten thousands digit of 1032411?
3
What is the ten thousands digit of 23828611?
2
What is the ten thousands digit of 12848936?
4
What is the thousands digit of 281133?
1
What is the hundreds digit of 6274317?
3
What is the thousands digit of 6969979?
9
What is the thousands digit of 1477018?
7
What is the tens digit of 6335118?
1
What is the ten thousands digit of 6198852?
9
What is the thousands digit of 1044718?
4
What is the hundreds digit of 1139789?
7
What is the hundred thousands digit of 232556?
2
What is the units digit of 627339?
9
What is the hundreds digit of 45146?
1
What is the millions digit of 41578261?
1
What is the hundred thousands digit of 299343?
2
What is the hundreds digit of 3262507?
5
What is the 